 divided by 4 - ((7 - v) + -7)?
0
Let y(z) = z**2 + 3*z - 132. Let f be y(-13). Let h = f - -10. Calculate the remainder when (-85)/(-3) + 3/(-9) is divided by h.
4
Suppose -392 = -13*g + 5*g. Suppose 51*p - g*p = 28. Calculate the remainder when 138 is divided by p.
12
Let f = 19479 + -18978. Calculate the remainder when f is divided by 13.
7
Let m(r) = 20*r**2 - 8*r - 31. What is the remainder when m(-5) is divided by 135?
104
Let r = 2541 - 2526. Calculate the remainder when 1722 is divided by r.
12
Let b(x) = -70*x + 2. Calculate the remainder when b(-3) is divided by 6/13 + 2080/169 + 70/(-91).
8
Calculate the remainder when -83*(16/(-5))/((-72)/(-180)) - 8 is divided by 110.
106
Let d = 1204 + -399. Suppose 2*g = 4*y + 475 + 173, -5*y + 5*g = d. Let q = -90 - y. Calculate the remainder when q is divided by 5.
3
Let d(m) = 142*m - 15586. What is the remainder when 640 is divided by d(110)?
28
Suppose -2977 + 769 = -6*c. Suppose -2*z + 4*l + c = 0, z - 118 = -4*l + 42. What is the remainder when z is divided by 14?
8
Let j = -89 + -97. Suppose d - 3*n = -73, d - 2*n + 68 = -9. Let x = d - j. Calculate the remainder when x is divided by 17.
16
Let f = 2480 - 2108. What is the remainder when f is divided by 69?
27
Let a = 152 + 178. Suppose 4*t - 250*g + 254*g = 312, -t = -5*g - 108. What is the remainder when a is divided by t?
81
Suppose 3*j + h + 339 = -h, -2*h - 113 = j. Let y = -41 - j. What is the remainder when 285 is divided by y?
69
Let s(g) = 6*g**2 - 2*g + 5. Let p be s(4). Let j = p - 30. Suppose -o = 8*o - j. What is the remainder when 39 is divided by o?
4
Let g = 96 - 43. Calculate the remainder when 5 + (-1415 - 0 - -2)*62/(-186) is divided by g.
52
Let m = 2312 + -2284. Suppose -77 = -2*a - 5*n, -3*a - n - 4*n + 113 = 0. What is the remainder when a is divided by m?
8
Let a(g) = 132*g - 123. Let s = -145 + 149. Calculate the remainder when a(s) is divided by 41.
36
Let i(s) = -s**3 - 17*s**2 + 2*s + 39. Let d be i(-17). Suppose -13*a + d*a + 704 = 0. What is the remainder when a is divided by 31?
26
Let c(g) = g - 2*g + 28*g**2 - 27*g**2. Let w be c(-3). Let p = 35 - w. What is the remainder when 57 is divided by p?
11
Let k(r) = 12*r**3 + 6*r**2 - 59*r - 14. Calculate the remainder when k(5) is divided by 274.
245
Suppose 5*b + b = 120. Let f be 27/4*-2 - (-10)/b. Calculate the remainder when 42 is divided by (-14 + 4)/5 - f.
9
Let v(m) = -m**2 - 54*m + 2082. What is the remainder when 747 is divided by v(-80)?
1
Let v be 32 + ((-6)/(-10))/(3/15). What is the remainder when 53 is divided by (5 - v/10)*12?
17
Let o = 24 + -13. Suppose -32*k = 4*u - 35*k - 1115, -2*k = 5*u - 1342. Calculate the remainder when u is divided by o.
8
Suppose -14551 - 12167 = -146*s. What is the remainder when 195 is divided by s?
12
Calculate the remainder when 571 is divided by (-4 - 5) + (86 - -4).
4
Suppose 27*p = 51*p - 12192. What is the remainder when p is divided by 115?
48
Let a(x) = 16*x - 311. What is the remainder when a(25) is divided by 21?
5
Let o = 5418 - 5327. What is the remainder when 527 is divided by o?
72
Suppose 7*t + 52 = 10*t + 10*t. Calculate the remainder when 893 is divided by t.
1
What is the remainder when (-8)/92 + (-56525)/(-161) + -4 is divided by 29?
28
Let g = 8816 - 8196. What is the remainder when g is divided by 13?
9
Suppose 0 = -f + 108 + 61. Let p(g) = -g**3 - 21*g**2 + 53*g + 187. What is the remainder when f is divided by p(-23)?
13
Let u(p) = p + 174. Suppose 5*k - 1281 = 26*k. Let v = k - -96. Calculate the remainder when u(0) is divided by v.
34
Let f(o) = o**3 - 24*o**2 - 53*o + 27. Let p be f(26). What is the remainder when 103 is divided by (p - (-3)/(-2))/(78/(-1248))?
7
Let v = -756 + 503. Let d(l) = -l**2 + 6. Calculate the remainder when (v/(-77) - (-2)/(-7))*13 is divided by d(0).
3
Suppose -4*m + 2*g = -0*g - 2, -7 = -4*m + g. Suppose -4 = -4*s - 24, c - 16 = -m*s. Calculate the remainder when 246 is divided by c.
29
Let y(c) = -3*c - 1. Let x(g) = -33. Let l(u) = -x(u) + 4*y(u). What is the remainder when 53 is divided by l(0)?
24
Let k = 12437 + -11550. Calculate the remainder when k is divided by 11.
7
Let g(r) = r + 22. Let u = -458 - -452. Calculate the remainder when 301 is divided by g(u).
13
Let q(i) = 468*i + 91. What is the remainder when q(2) is divided by 13?
0
Let l(b) = 40*b + 230. Calculate the remainder when 1107 is divided by l(-5).
27
Let n(g) = 14*g**2 - 4*g + 6. Let x be n(6). Suppose -4*h - 12 = 0, -5*l + 0*l - x = -3*h. What is the remainder when l/(-5) - 10/(-125)*-10 is divided by 4?
3
Calculate the remainder when 406 is divided by (-152)/(-532) - (-418)/7.
46
Suppose 0 = -5*g + 188 - 53. Let j = 196 - 141. Let a = j + 52. What is the remainder when a is divided by g?
26
Let d = 37 - 30. Let g be 5/20 - (-148)/(-16). What is the remainder when 4/(-72)*4 - 101/g is divided by d?
4
Calculate the remainder when 107 is divided by (1 - 102/(-12))/(2/12).
50
Let c(v) = -3*v**2 - 3*v - 10. Let s be c(-5). Let r = s - -101. Let h = 342 + -251. What is the remainder when h is divided by r?
29
Let o(i) = -5*i**2 - i - 4. Let x(q) = q**2 + 1. Let g(d) = o(d) + 3*x(d). Let r be g(0). What is the remainder when 40 is divided by 2/(-4) + 29*r/(-2)?
12
Suppose -370 = -3*f - 103. Let p = f - 57. Suppose 2*s + 68 = 194. Calculate the remainder when s is divided by p.
31
Suppose -42*t = -3*r - 41*t + 311, 421 = 4*r + 5*t. Calculate the remainder when 1035 is divided by r.
99
Let h(j) = 20*j - 15. Let u = 36 + -29. Suppose 126*g - 133*g = -294. Calculate the remainder when h(u) is divided by g.
41
Let y(z) = z**3 - 6*z**2 - 22*z + 65. Suppose -4*j = -a - 4, -2*a + 19 = 5*j - 4*j. What is the remainder when 186 is divided by y(a)?
16
Suppose 0 = -25*x + 1255 + 35045. Suppose -9*c + x = -285. Calculate the remainder when c is divided by 5.
3
Suppose -8*v = -4*i - 3*v + 837, -i + 2*v = -213. Suppose 0 = -z - 4921 + 4799. Let a = i + z. What is the remainder when a is divided by 12?
9
Suppose 2*c + a - 432 = 0, -12*a - 252 = -c - 8*a. What is the remainder when c is divided by 83?
54
Suppose 4*j + 59 = o, -3*j + o = -o + 48. Let x(n) = n + 12. Let y be x(-15). Let q = y - j. Calculate the remainder when 54 is divided by q.
10
Suppose z - 4*a - a = 298, -3*z = -2*a - 959. Let n = z - 232. What is the remainder when n is divided by 31?
29
Let r(q) = -120*q**2 - q**3 + 4*q + 3 + 126*q**2 - 8. Suppose t = 5*k + 5, 13 + 2 = 3*t + 3*k. Calculate the remainder when 159 is divided by r(t).
39
Suppose 0 = -3*m + 12, 4*j + 2*m - 44 = 0. Suppose -62 - 127 = -j*k. Calculate the remainder when k is divided by 4.
1
Let q = 340 - 304. What is the remainder when 1/3 + 2328/q is divided by 33?
32
Let z = 10 + 54. Let g be (0*(-9)/72)/((-2)/(-2)). Suppose 2*p = 36 - g. What is the remainder when z is divided by p?
10
Let q(r) = -r**3 + r**2 + 2*r - 4. Let s be q(0). What is the remainder when 56 is divided by 20/(-2)*(s - (-84)/35)?
8
Suppose -9*i = -i - 40. Let m = i + -6. What is the remainder when -19 - -168 - m/(-1) is divided by 50?
48
Let z = 132 - 135. Calculate the remainder when (-3)/2*4*-7 is divided by 1/(z - (-168)/54).
6
Suppose 4*o + 180 + 960 = 4*r, 0 = -r - 5*o + 255. Let a = -263 + r. Calculate the remainder when 22 is divided by a.
5
Let g(n) = -269*n + 1635. What is the remainder when 92 is divided by g(6)?
8
Let i(s) = 7*s - 2. Let q = -35 + 27. Calculate the remainder when i(3) is divided by (-22)/(-88) + (-46)/q.
1
Let p(x) = -118*x + 2748. What is the remainder when 113 is divided by p(23)?
11
Let y(p) = p**3 + 21*p**2 + 41*p - 66. Let q be y(-18). Suppose m = -140 + q. Calculate the remainder when m is divided by ((-10)/8)/((-2)/8).
3
Let k = 23210 + -23099. Calculate the remainder when 35186 is divided by k.
110
Suppose 24*b + 15 = -33. What is the remainder when b/(3 + 1015/(-336)) is divided by 63?
33
Suppose 0 = g - 64*g + 4*g + 61360. What is the remainder when 3134 is divided by g?
14
Let p(y) = -49*y + 4943. What is the remainder when p(82) is divided by 304?
13
Suppose l + 0 = -1. Let y(i) = 4*i**3 - 270*i**2 - 144*i + 551. What is the remainder when y(68) is divided by 8/2 - 0/l?
3
Suppose 4*x - 341 = -3*c, 15*c - 10*c - x = 553. Let z be 35 - (-2)/1 - -1. What is the rema